{"id":169,"date":"2019-10-11T15:25:53","date_gmt":"2019-10-11T13:25:53","guid":{"rendered":"http:\/\/itxwsqw.cluster020.hosting.ovh.net\/sandra\/?page_id=169"},"modified":"2024-07-10T17:00:16","modified_gmt":"2024-07-10T15:00:16","slug":"contact","status":"publish","type":"page","link":"https:\/\/www.coelhosandra.com\/index.php\/contact\/","title":{"rendered":"Contact"},"content":{"rendered":"<p>[vc_row row_type=\u00a0\u00bbrow\u00a0\u00bb use_row_as_full_screen_section=\u00a0\u00bbno\u00a0\u00bb type=\u00a0\u00bbfull_width\u00a0\u00bb text_align=\u00a0\u00bbleft\u00a0\u00bb background_animation=\u00a0\u00bbnone\u00a0\u00bb css_animation=\u00a0\u00bb\u00a0\u00bb css=\u00a0\u00bb.vc_custom_1573057283914{margin-right: 20px !important;margin-left: 20px !important;}\u00a0\u00bb][vc_column][vc_text_separator title=\u00a0\u00bbPOUR ME CONTACTER\u00a0\u00bb border_color=\u00a0\u00bb#076168&Prime; background_color=\u00a0\u00bb#faf8f1&Prime; title_color=\u00a0\u00bb#076168&Prime;][vc_empty_space height=\u00a0\u00bb60px\u00a0\u00bb][\/vc_column][\/vc_row][vc_row row_type=\u00a0\u00bbrow\u00a0\u00bb use_row_as_full_screen_section=\u00a0\u00bbno\u00a0\u00bb type=\u00a0\u00bbfull_width\u00a0\u00bb text_align=\u00a0\u00bbleft\u00a0\u00bb background_animation=\u00a0\u00bbnone\u00a0\u00bb css_animation=\u00a0\u00bb\u00a0\u00bb css=\u00a0\u00bb.vc_custom_1573057297667{margin-right: 20px !important;margin-left: 20px !important;}\u00a0\u00bb][vc_column width=\u00a0\u00bb1\/2&Prime;][vc_column_text]<strong>Ateliers \u00ab\u00a0La petite Chazaly\u00a0\u00bb<\/strong><br \/>\n700 chemin de Repois, 42220 Saint-Sauveur en Rue<\/p>\n<p>Ouvert au public sur rendez-vous au 06 03 53 28 47[\/vc_column_text][vc_empty_space height=\u00a0\u00bb50px\u00a0\u00bb][vc_single_image image=\u00a0\u00bb3108&Prime; img_size=\u00a0\u00bbfull\u00a0\u00bb qode_css_animation=\u00a0\u00bb\u00a0\u00bb][vc_empty_space][\/vc_column][vc_column width=\u00a0\u00bb1\/2&Prime;][vc_column_text]<\/p>\n<p style=\"text-align: left;\">Vous pouvez aussi me contacter pour toutes demandes d&rsquo;informations ou inscription \u00e0 des stages par mail \u00e0 partir de ce formulaire ci dessous.<\/p>\n<p>[\/vc_column_text][vc_empty_space height=\u00a0\u00bb50px\u00a0\u00bb][vc_column_text]<\/p>\n\t\t\t<link rel=\"stylesheet\" property=\"stylesheet\" href=\"https:\/\/www.coelhosandra.com\/wp-content\/plugins\/happyforms\/bundles\/css\/frontend.css\" \/>\n\t\t\t\t<!-- HappyForms CSS variables -->\n\t<style>\n\t#happyforms-179 {\n\t\t--happyforms-form-width: 80%;\n--happyforms-part-title-font-size: 15px;\n--happyforms-part-description-font-size: 15px;\n--happyforms-part-value-font-size: 15px;\n--happyforms-submit-button-font-size: 14px;\n--happyforms-color-primary: #076168;\n--happyforms-color-success-notice: #e5eff0;\n--happyforms-color-success-notice-text: #1eb452;\n--happyforms-color-error: #ff4200;\n--happyforms-color-error-notice: #ffeae5;\n--happyforms-color-error-notice-text: #ff4200;\n--happyforms-color-part-title: #076168;\n--happyforms-color-part-value: #076168;\n--happyforms-color-part-placeholder: #888888;\n--happyforms-color-part-description: #454545;\n--happyforms-color-part-border: #076168;\n--happyforms-color-part-border-focus: #e5eff0;\n--happyforms-color-part-background: #faf8f1;\n--happyforms-color-part-background-focus: #e5eff0;\n--happyforms-color-submit-background: #076168;\n--happyforms-color-submit-background-hover: #ffffff;\n--happyforms-color-submit-border: transparent;\n--happyforms-color-submit-text: #ffffff;\n--happyforms-color-submit-text-hover: #076168;\n--happyforms-color-table-row-odd: #fcfcfc;\n--happyforms-color-table-row-even: #efefef;\n--happyforms-color-table-row-odd-text: #000000;\n--happyforms-color-table-row-even-text: #000000;\n--happyforms-color-dropdown-item-bg: #ffffff;\n--happyforms-color-dropdown-item-text: #000000;\n--happyforms-color-dropdown-item-bg-hover: #dbdbdb;\n--happyforms-color-dropdown-item-text-hover: #000000;\n--happyforms-color-divider-hr: #cccccc;\n--happyforms-color-choice-checkmark-bg: #ffffff;\n--happyforms-color-choice-checkmark-bg-focus: #000000;\n--happyforms-color-choice-checkmark-color: #ffffff;\n\t}\n\t<\/style>\n\t<!-- End of HappyForms CSS variables -->\n\t\t<!-- HappyForms Additional CSS -->\n\t<style data-happyforms-additional-css>\n\t\t<\/style>\n\t<!-- End of HappyForms Additional CSS -->\n\t\t\t<link rel=\"stylesheet\" type=\"text\/css\" href=\"https:\/\/www.coelhosandra.com\/wp-content\/plugins\/happyforms\/core\/assets\/css\/no-interaction.css\">\n\t\t<div class=\"happyforms-form happyforms-styles happyforms-form--part-border-radius-pill happyforms-form--part-outer-padding-narrow happyforms-form--part-inner-padding-narrow happyforms-form--part-title-font-weight-bold happyforms-form--submit-button-border-hide happyforms-form--submit-button-padding-narrow happyforms-form--submit-button-normal happyforms-form--submit-button-align-right\" id=\"happyforms-179\">\n\t\t\n\t<form action=\"\" id=\"happyforms-form-179\" method=\"post\" novalidate=\"true\" autocomplete=\"off\">\n\t\t\t\t<input type=\"hidden\" name=\"happyforms_random_seed\" value=\"778172993\" \/>\n\t\t\n\t\t\t<input type=\"hidden\" name=\"action\" value=\"happyforms_message\">\n\t\t\t\t<input type=\"hidden\" name=\"client_referer\" value=\"\">\n\t\t\t\t<input type=\"hidden\" name=\"current_post_id\" value=\"\">\n\t\t\t\t<input type=\"hidden\" name=\"happyforms_form_id\" value=\"179\" \/>\n\t\t\t\t<input type=\"hidden\" name=\"happyforms_step\" value=\"0\" \/>\n\t\n\t\t<div class=\"happyforms-flex\">\n\t\t\t\t<label for=\"179-single_line_text\" class=\"screen-reader-text\">Leave this field blank<\/label>\n\t<input type=\"text\" id=\"179-single_line_text\" name=\"179-single_line_text\" style=\"display: none;\" tabindex=\"-1\" autocomplete=\"off\" aria-hidden=\"true\">\n\t\t\t\t\t\t\t\t\t\t<div class=\"happyforms-form__part happyforms-part happyforms-part--single_line_text happyforms-part--width-full happyforms-part--label-above\" id=\"happyforms-179_single_line_text_2-part\" data-happyforms-type=\"single_line_text\" data-happyforms-id=\"single_line_text_2\" data-happyforms-required=\"\">\n\t<div class=\"happyforms-part-wrap\">\n\t\t\n\t\t\t\t\t\t<div class=\"happyforms-part__label-container\">\n\t\t\t\t<label for=\"happyforms-179_single_line_text_2\" class=\"happyforms-part__label\">\n\t\t\t<span class=\"label\">NOM \/ PR\u00c9NOM<\/span>\n\t\t\t\t\t\t\t\t\t\t<span class=\"happyforms-required\"><\/span>\n\t\t\t\t\t\t\t\t\t\t<span class=\"happyforms-optional\">(optional)<\/span>\n\t\t\t\t\t<\/label>\n\t\t\t<\/div>\n\t\t\t\n\t\t\n\t\t<div class=\"happyforms-part__el\">\n\t\t\t\n\t\t\t\n\t\t\t<div class=\"happyforms-input\">\n\t\t\t\t\n\t\t\t\t<input id=\"happyforms-179_single_line_text_2\" type=\"text\" name=\"179_single_line_text_2\" value=\"\" placeholder=\"\" autocomplete=\"off\" spellcheck=\"false\"  autocorrect=\"off\" \/>\n\t\t\t\t\t\t\t<\/div>\n\n\t\t\t\n\t\t\t\n\t\t\t\t\t<\/div>\n\t<\/div>\n<\/div>\n<div class=\"happyforms-form__part happyforms-part happyforms-part--single_line_text happyforms-part--width-full happyforms-part--label-above\" id=\"happyforms-179_single_line_text_3-part\" data-happyforms-type=\"single_line_text\" data-happyforms-id=\"single_line_text_3\" data-happyforms-required=\"\">\n\t<div class=\"happyforms-part-wrap\">\n\t\t\n\t\t\t\t\t\t<div class=\"happyforms-part__label-container\">\n\t\t\t\t<label for=\"happyforms-179_single_line_text_3\" class=\"happyforms-part__label\">\n\t\t\t<span class=\"label\">T\u00c9L\u00c9PHONE<\/span>\n\t\t\t\t\t\t\t\t\t\t<span class=\"happyforms-required\"><\/span>\n\t\t\t\t\t\t\t\t\t\t<span class=\"happyforms-optional\">(optional)<\/span>\n\t\t\t\t\t<\/label>\n\t\t\t<\/div>\n\t\t\t\n\t\t\n\t\t<div class=\"happyforms-part__el\">\n\t\t\t\n\t\t\t\n\t\t\t<div class=\"happyforms-input\">\n\t\t\t\t\n\t\t\t\t<input id=\"happyforms-179_single_line_text_3\" type=\"text\" name=\"179_single_line_text_3\" value=\"\" placeholder=\"\" autocomplete=\"off\" spellcheck=\"false\"  autocorrect=\"off\" \/>\n\t\t\t\t\t\t\t<\/div>\n\n\t\t\t\n\t\t\t\n\t\t\t\t\t<\/div>\n\t<\/div>\n<\/div>\n<div class=\"happyforms-part--with-autocomplete happyforms-form__part happyforms-part happyforms-part--email happyforms-part--width-full happyforms-part--label-above\" id=\"happyforms-179_email_1-part\" data-happyforms-type=\"email\" data-happyforms-id=\"email_1\" data-happyforms-required=\"\">\n\t\t<div class=\"happyforms-part-wrap\">\n\t\t\t\t\t\t<div class=\"happyforms-part__label-container\">\n\t\t\t\t<label for=\"happyforms-179_email_1\" class=\"happyforms-part__label\">\n\t\t\t<span class=\"label\">MAIL<\/span>\n\t\t\t\t\t\t\t\t\t\t<span class=\"happyforms-required\"><\/span>\n\t\t\t\t\t\t\t\t\t\t<span class=\"happyforms-optional\">(optional)<\/span>\n\t\t\t\t\t<\/label>\n\t\t\t<\/div>\n\t\t\t\n\t\t\n\t\t<div class=\"happyforms-part__el\">\n\t\t\t\n\t\t\t\n\t\t\t<div class=\"happyforms-input\">\n\t\t\t\t<input type=\"email\" name=\"179_email_1\" id=\"happyforms-179_email_1\" value=\"\" placeholder=\"\" autocomplete=\"off\" spellcheck=\"false\"  autocorrect=\"off\" \/>\n\t\t\t\t\t\t\t<\/div>\n\n\t\t\t\n\t\t\t\n\t\t\t\t\t<\/div>\n\t<\/div>\n<\/div>\n<div class=\"happyforms-form__part happyforms-part happyforms-part--multi_line_text happyforms-part--width-full happyforms-part--label-above\" id=\"happyforms-179_multi_line_text_4-part\" data-happyforms-type=\"multi_line_text\" data-happyforms-id=\"multi_line_text_4\" data-happyforms-required=\"\">\n\t<div class=\"happyforms-part-wrap\">\n\t\t\t\t\t\t<div class=\"happyforms-part__label-container\">\n\t\t\t\t<label for=\"happyforms-179_multi_line_text_4\" class=\"happyforms-part__label\">\n\t\t\t<span class=\"label\">MESSAGE<\/span>\n\t\t\t\t\t\t\t\t\t\t<span class=\"happyforms-required\"><\/span>\n\t\t\t\t\t\t\t\t\t\t<span class=\"happyforms-optional\">(optional)<\/span>\n\t\t\t\t\t<\/label>\n\t\t\t<\/div>\n\t\t\t\n\t\t\n\t\t<div class=\"happyforms-part__el\">\n\t\t\t\n\t\t\t\t\t\t<textarea id=\"happyforms-179_multi_line_text_4\" name=\"179_multi_line_text_4\" rows=\"5\" placeholder=\"\" autocomplete=\"off\" spellcheck=\"false\" autocorrect=\"off\" ><\/textarea>\n\t\t\t\n\t\t\t\n\t\t\t\t\t<\/div>\n\t<\/div>\n<\/div>\n\t\t\t\t\t\t<div class=\"happyforms-form__part happyforms-part happyforms-part--submit\">\n\t\t<button type=\"submit\" class=\"happyforms-submit happyforms-button--submit \">ENVOYER<\/button>\n\t<\/div>\t\t<\/div>\n\n\t\t\t<\/form>\n\n\t<\/div>\n\n<p>[\/vc_column_text][\/vc_column][\/vc_row][vc_row row_type=\u00a0\u00bbrow\u00a0\u00bb use_row_as_full_screen_section=\u00a0\u00bbno\u00a0\u00bb type=\u00a0\u00bbfull_width\u00a0\u00bb text_align=\u00a0\u00bbleft\u00a0\u00bb background_animation=\u00a0\u00bbnone\u00a0\u00bb css_animation=\u00a0\u00bb\u00a0\u00bb][vc_column][vc_empty_space height=\u00a0\u00bb70px\u00a0\u00bb][\/vc_column][\/vc_row][vc_row row_type=\u00a0\u00bbrow\u00a0\u00bb use_row_as_full_screen_section=\u00a0\u00bbno\u00a0\u00bb type=\u00a0\u00bbfull_width\u00a0\u00bb text_align=\u00a0\u00bbleft\u00a0\u00bb background_animation=\u00a0\u00bbnone\u00a0\u00bb css_animation=\u00a0\u00bb\u00a0\u00bb css=\u00a0\u00bb.vc_custom_1573057309481{margin-right: 20px !important;margin-left: 20px !important;}\u00a0\u00bb][vc_column][vc_gmaps link=\u00a0\u00bb#E-8_JTNDaWZyYW1lJTIwc3JjJTNEJTIyaHR0cHMlM0ElMkYlMkZ3d3cuZ29vZ2xlLmNvbSUyRm1hcHMlMkZlbWJlZCUzRnBiJTNEJTIxMW0xOCUyMTFtMTIlMjExbTMlMjExZDExMjI3Ljc1ODI1NTEwNTk5OSUyMTJkNC40OTAxMTc2NjQ1MTMzNzMlMjEzZDQ1LjI4OTQ0Mjk3MDk1MDk5NCUyMTJtMyUyMTFmMCUyMTJmMCUyMTNmMCUyMTNtMiUyMTFpMTAyNCUyMTJpNzY4JTIxNGYxMy4xJTIxM20zJTIxMW0yJTIxMXMweDQ3ZjUwOTdmMTZlMTZlYjklMjUzQTB4YTExZGU0MzEwOWUxY2E4OCUyMTJzNzAwJTI1MjBSZXBvaXMlMjUyQyUyNTIwNDIyMjAlMjUyMFNhaW50LVNhdXZldXItZW4tUnVlJTIxNWUwJTIxM20yJTIxMXNmciUyMTJzZnIlMjE0djE3MjA2MjM1MTIwMjclMjE1bTIlMjExc2ZyJTIxMnNmciUyMiUyMHdpZHRoJTNEJTIyNDAwJTIyJTIwaGVpZ2h0JTNEJTIyMzAwJTIyJTIwc3R5bGUlM0QlMjJib3JkZXIlM0EwJTNCJTIyJTIwYWxsb3dmdWxsc2NyZWVuJTNEJTIyJTIyJTIwbG9hZGluZyUzRCUyMmxhenklMjIlMjByZWZlcnJlcnBvbGljeSUzRCUyMm5vLXJlZmVycmVyLXdoZW4tZG93bmdyYWRlJTIyJTNFJTNDJTJGaWZyYW1lJTNF\u00a0\u00bb size=\u00a0\u00bb\u00a0\u00bb][\/vc_column][\/vc_row][vc_row row_type=\u00a0\u00bbrow\u00a0\u00bb use_row_as_full_screen_section=\u00a0\u00bbno\u00a0\u00bb type=\u00a0\u00bbfull_width\u00a0\u00bb text_align=\u00a0\u00bbleft\u00a0\u00bb background_animation=\u00a0\u00bbnone\u00a0\u00bb css_animation=\u00a0\u00bb\u00a0\u00bb][vc_column][vc_empty_space height=\u00a0\u00bb70px\u00a0\u00bb][\/vc_column][\/vc_row][vc_row row_type=\u00a0\u00bbrow\u00a0\u00bb use_row_as_full_screen_section=\u00a0\u00bbno\u00a0\u00bb type=\u00a0\u00bbfull_width\u00a0\u00bb text_align=\u00a0\u00bbleft\u00a0\u00bb background_animation=\u00a0\u00bbnone\u00a0\u00bb css_animation=\u00a0\u00bb\u00a0\u00bb css=\u00a0\u00bb.vc_custom_1573057319688{margin-right: 20px !important;margin-left: 20px !important;}\u00a0\u00bb][vc_column width=\u00a0\u00bb3\/6&Prime;][vc_column_text]<\/p>\n<p style=\"text-align: right;\">N&rsquo;oubliez pas de suivre mes actualit\u00e9s sur les r\u00e9seaux sociaux !<\/p>\n<p>[\/vc_column_text][\/vc_column][vc_column width=\u00a0\u00bb1\/6&Prime;][social_vc_father align=\u00a0\u00bbright\u00a0\u00bb][social_vc_son width=\u00a0\u00bb60&Prime; height=\u00a0\u00bb60&Prime; url=\u00a0\u00bbhttps:\/\/www.facebook.com\/sandracoelhoceramique\/\u00a0\u00bb size=\u00a0\u00bb30&Prime; icon=\u00a0\u00bbfa fa-facebook-square\u00a0\u00bb bgclr=\u00a0\u00bb#faf8f1&Prime; hoverclr=\u00a0\u00bb#e5eff0&Prime; hoverbg=\u00a0\u00bb#faf8f1&Prime;][\/social_vc_father][\/vc_column][vc_column width=\u00a0\u00bb1\/6&Prime;][social_vc_father][social_vc_son width=\u00a0\u00bb60&Prime; height=\u00a0\u00bb60&Prime; url=\u00a0\u00bbhttps:\/\/www.instagram.com\/sandracoelhoceramique\/\u00a0\u00bb size=\u00a0\u00bb30&Prime; icon=\u00a0\u00bbfa fa-instagram\u00a0\u00bb clr=\u00a0\u00bb#076168&Prime; hoverclr=\u00a0\u00bb#e5eff0&Prime; bgclr=\u00a0\u00bb#faf8f1&Prime; hoverbg=\u00a0\u00bb#faf8f1&Prime;][\/social_vc_father][\/vc_column][\/vc_row][vc_row row_type=\u00a0\u00bbrow\u00a0\u00bb use_row_as_full_screen_section=\u00a0\u00bbno\u00a0\u00bb type=\u00a0\u00bbfull_width\u00a0\u00bb text_align=\u00a0\u00bbleft\u00a0\u00bb background_animation=\u00a0\u00bbnone\u00a0\u00bb css_animation=\u00a0\u00bb\u00a0\u00bb][vc_column][vc_empty_space height=\u00a0\u00bb200px\u00a0\u00bb][\/vc_column][\/vc_row]<\/p>\n","protected":false},"excerpt":{"rendered":"<p>[vc_row row_type=\u00a0\u00bbrow\u00a0\u00bb use_row_as_full_screen_section=\u00a0\u00bbno\u00a0\u00bb type=\u00a0\u00bbfull_width\u00a0\u00bb text_align=\u00a0\u00bbleft\u00a0\u00bb background_animation=\u00a0\u00bbnone\u00a0\u00bb css_animation=\u00a0\u00bb\u00a0\u00bb css=\u00a0\u00bb.vc_custom_1573057283914{margin-right: 20px !important;margin-left: 20px !important;}\u00a0\u00bb][vc_column][vc_text_separator title=\u00a0\u00bbPOUR ME CONTACTER\u00a0\u00bb border_color=\u00a0\u00bb#076168&Prime; background_color=\u00a0\u00bb#faf8f1&Prime; title_color=\u00a0\u00bb#076168&Prime;][vc_empty_space height=\u00a0\u00bb60px\u00a0\u00bb][\/vc_column][\/vc_row][vc_row row_type=\u00a0\u00bbrow\u00a0\u00bb use_row_as_full_screen_section=\u00a0\u00bbno\u00a0\u00bb type=\u00a0\u00bbfull_width\u00a0\u00bb text_align=\u00a0\u00bbleft\u00a0\u00bb background_animation=\u00a0\u00bbnone\u00a0\u00bb css_animation=\u00a0\u00bb\u00a0\u00bb css=\u00a0\u00bb.vc_custom_1573057297667{margin-right: 20px !important;margin-left: 20px !important;}\u00a0\u00bb][vc_column width=\u00a0\u00bb1\/2&Prime;][vc_column_text]Ateliers \u00ab\u00a0La petite Chazaly\u00a0\u00bb 700 chemin de Repois, 42220 Saint-Sauveur en Rue Ouvert au public&#8230;<\/p>\n","protected":false},"author":1,"featured_media":0,"parent":0,"menu_order":19,"comment_status":"closed","ping_status":"closed","template":"","meta":{"_exactmetrics_skip_tracking":false,"_exactmetrics_sitenote_active":false,"_exactmetrics_sitenote_note":"","_exactmetrics_sitenote_category":0,"_monsterinsights_skip_tracking":false,"_monsterinsights_sitenote_active":false,"_monsterinsights_sitenote_note":"","_monsterinsights_sitenote_category":0,"footnotes":""},"class_list":["post-169","page","type-page","status-publish","hentry"],"yoast_head":"<!-- This site is optimized with the Yoast SEO plugin v23.5 - https:\/\/yoast.com\/wordpress\/plugins\/seo\/ -->\n<title>Contact - Sandra Coelho C\u00e9ramique<\/title>\n<meta name=\"description\" content=\"C\u00e9ramiste proche Saint Etienne dans le Pilat. Fait main, artisanal: vaisselle, d\u00e9co, bijoux en porcelaine. Ventes en ligne et en direct. Stages, cours poterie enfant\/adultes.\" \/>\n<meta name=\"robots\" content=\"index, follow, max-snippet:-1, max-image-preview:large, max-video-preview:-1\" \/>\n<link rel=\"canonical\" href=\"https:\/\/www.coelhosandra.com\/index.php\/contact\/\" \/>\n<meta property=\"og:locale\" content=\"fr_FR\" \/>\n<meta property=\"og:type\" content=\"article\" \/>\n<meta property=\"og:title\" content=\"Contact - Sandra Coelho C\u00e9ramique\" \/>\n<meta property=\"og:description\" content=\"C\u00e9ramiste proche Saint Etienne dans le Pilat. Fait main, artisanal: vaisselle, d\u00e9co, bijoux en porcelaine. Ventes en ligne et en direct. Stages, cours poterie enfant\/adultes.\" \/>\n<meta property=\"og:url\" content=\"https:\/\/www.coelhosandra.com\/index.php\/contact\/\" \/>\n<meta property=\"og:site_name\" content=\"Sandra Coelho C\u00e9ramique\" \/>\n<meta property=\"article:publisher\" content=\"https:\/\/www.facebook.com\/sandracoelhoceramique\" \/>\n<meta property=\"article:modified_time\" content=\"2024-07-10T15:00:16+00:00\" \/>\n<meta name=\"twitter:card\" content=\"summary_large_image\" \/>\n<meta name=\"twitter:label1\" content=\"Dur\u00e9e de lecture estim\u00e9e\" \/>\n\t<meta name=\"twitter:data1\" content=\"1 minute\" \/>\n<script type=\"application\/ld+json\" class=\"yoast-schema-graph\">{\"@context\":\"https:\/\/schema.org\",\"@graph\":[{\"@type\":\"WebPage\",\"@id\":\"https:\/\/www.coelhosandra.com\/index.php\/contact\/\",\"url\":\"https:\/\/www.coelhosandra.com\/index.php\/contact\/\",\"name\":\"Contact - Sandra Coelho C\u00e9ramique\",\"isPartOf\":{\"@id\":\"https:\/\/www.coelhosandra.com\/#website\"},\"datePublished\":\"2019-10-11T13:25:53+00:00\",\"dateModified\":\"2024-07-10T15:00:16+00:00\",\"description\":\"C\u00e9ramiste proche Saint Etienne dans le Pilat. Fait main, artisanal: vaisselle, d\u00e9co, bijoux en porcelaine. Ventes en ligne et en direct. Stages, cours poterie enfant\/adultes.\",\"breadcrumb\":{\"@id\":\"https:\/\/www.coelhosandra.com\/index.php\/contact\/#breadcrumb\"},\"inLanguage\":\"fr-FR\",\"potentialAction\":[{\"@type\":\"ReadAction\",\"target\":[\"https:\/\/www.coelhosandra.com\/index.php\/contact\/\"]}]},{\"@type\":\"BreadcrumbList\",\"@id\":\"https:\/\/www.coelhosandra.com\/index.php\/contact\/#breadcrumb\",\"itemListElement\":[{\"@type\":\"ListItem\",\"position\":1,\"name\":\"Accueil\",\"item\":\"https:\/\/www.coelhosandra.com\/\"},{\"@type\":\"ListItem\",\"position\":2,\"name\":\"Contact\"}]},{\"@type\":\"WebSite\",\"@id\":\"https:\/\/www.coelhosandra.com\/#website\",\"url\":\"https:\/\/www.coelhosandra.com\/\",\"name\":\"Sandra Coelho C\u00e9ramique\",\"description\":\"\",\"publisher\":{\"@id\":\"https:\/\/www.coelhosandra.com\/#organization\"},\"potentialAction\":[{\"@type\":\"SearchAction\",\"target\":{\"@type\":\"EntryPoint\",\"urlTemplate\":\"https:\/\/www.coelhosandra.com\/?s={search_term_string}\"},\"query-input\":{\"@type\":\"PropertyValueSpecification\",\"valueRequired\":true,\"valueName\":\"search_term_string\"}}],\"inLanguage\":\"fr-FR\"},{\"@type\":\"Organization\",\"@id\":\"https:\/\/www.coelhosandra.com\/#organization\",\"name\":\"Sandra Coelho C\u00e9ramique\",\"url\":\"https:\/\/www.coelhosandra.com\/\",\"logo\":{\"@type\":\"ImageObject\",\"inLanguage\":\"fr-FR\",\"@id\":\"https:\/\/www.coelhosandra.com\/#\/schema\/logo\/image\/\",\"url\":\"https:\/\/www.coelhosandra.com\/wp-content\/uploads\/2019\/10\/logov4.png\",\"contentUrl\":\"https:\/\/www.coelhosandra.com\/wp-content\/uploads\/2019\/10\/logov4.png\",\"width\":546,\"height\":556,\"caption\":\"Sandra Coelho C\u00e9ramique\"},\"image\":{\"@id\":\"https:\/\/www.coelhosandra.com\/#\/schema\/logo\/image\/\"},\"sameAs\":[\"https:\/\/www.facebook.com\/sandracoelhoceramique\",\"https:\/\/www.instagram.com\/sandracoelhoceramique\/\"]}]}<\/script>\n<!-- \/ Yoast SEO plugin. -->","yoast_head_json":{"title":"Contact - Sandra Coelho C\u00e9ramique","description":"C\u00e9ramiste proche Saint Etienne dans le Pilat. Fait main, artisanal: vaisselle, d\u00e9co, bijoux en porcelaine. Ventes en ligne et en direct. Stages, cours poterie enfant\/adultes.","robots":{"index":"index","follow":"follow","max-snippet":"max-snippet:-1","max-image-preview":"max-image-preview:large","max-video-preview":"max-video-preview:-1"},"canonical":"https:\/\/www.coelhosandra.com\/index.php\/contact\/","og_locale":"fr_FR","og_type":"article","og_title":"Contact - Sandra Coelho C\u00e9ramique","og_description":"C\u00e9ramiste proche Saint Etienne dans le Pilat. Fait main, artisanal: vaisselle, d\u00e9co, bijoux en porcelaine. Ventes en ligne et en direct. Stages, cours poterie enfant\/adultes.","og_url":"https:\/\/www.coelhosandra.com\/index.php\/contact\/","og_site_name":"Sandra Coelho C\u00e9ramique","article_publisher":"https:\/\/www.facebook.com\/sandracoelhoceramique","article_modified_time":"2024-07-10T15:00:16+00:00","twitter_card":"summary_large_image","twitter_misc":{"Dur\u00e9e de lecture estim\u00e9e":"1 minute"},"schema":{"@context":"https:\/\/schema.org","@graph":[{"@type":"WebPage","@id":"https:\/\/www.coelhosandra.com\/index.php\/contact\/","url":"https:\/\/www.coelhosandra.com\/index.php\/contact\/","name":"Contact - Sandra Coelho C\u00e9ramique","isPartOf":{"@id":"https:\/\/www.coelhosandra.com\/#website"},"datePublished":"2019-10-11T13:25:53+00:00","dateModified":"2024-07-10T15:00:16+00:00","description":"C\u00e9ramiste proche Saint Etienne dans le Pilat. Fait main, artisanal: vaisselle, d\u00e9co, bijoux en porcelaine. Ventes en ligne et en direct. Stages, cours poterie enfant\/adultes.","breadcrumb":{"@id":"https:\/\/www.coelhosandra.com\/index.php\/contact\/#breadcrumb"},"inLanguage":"fr-FR","potentialAction":[{"@type":"ReadAction","target":["https:\/\/www.coelhosandra.com\/index.php\/contact\/"]}]},{"@type":"BreadcrumbList","@id":"https:\/\/www.coelhosandra.com\/index.php\/contact\/#breadcrumb","itemListElement":[{"@type":"ListItem","position":1,"name":"Accueil","item":"https:\/\/www.coelhosandra.com\/"},{"@type":"ListItem","position":2,"name":"Contact"}]},{"@type":"WebSite","@id":"https:\/\/www.coelhosandra.com\/#website","url":"https:\/\/www.coelhosandra.com\/","name":"Sandra Coelho C\u00e9ramique","description":"","publisher":{"@id":"https:\/\/www.coelhosandra.com\/#organization"},"potentialAction":[{"@type":"SearchAction","target":{"@type":"EntryPoint","urlTemplate":"https:\/\/www.coelhosandra.com\/?s={search_term_string}"},"query-input":{"@type":"PropertyValueSpecification","valueRequired":true,"valueName":"search_term_string"}}],"inLanguage":"fr-FR"},{"@type":"Organization","@id":"https:\/\/www.coelhosandra.com\/#organization","name":"Sandra Coelho C\u00e9ramique","url":"https:\/\/www.coelhosandra.com\/","logo":{"@type":"ImageObject","inLanguage":"fr-FR","@id":"https:\/\/www.coelhosandra.com\/#\/schema\/logo\/image\/","url":"https:\/\/www.coelhosandra.com\/wp-content\/uploads\/2019\/10\/logov4.png","contentUrl":"https:\/\/www.coelhosandra.com\/wp-content\/uploads\/2019\/10\/logov4.png","width":546,"height":556,"caption":"Sandra Coelho C\u00e9ramique"},"image":{"@id":"https:\/\/www.coelhosandra.com\/#\/schema\/logo\/image\/"},"sameAs":["https:\/\/www.facebook.com\/sandracoelhoceramique","https:\/\/www.instagram.com\/sandracoelhoceramique\/"]}]}},"_links":{"self":[{"href":"https:\/\/www.coelhosandra.com\/index.php\/wp-json\/wp\/v2\/pages\/169","targetHints":{"allow":["GET"]}}],"collection":[{"href":"https:\/\/www.coelhosandra.com\/index.php\/wp-json\/wp\/v2\/pages"}],"about":[{"href":"https:\/\/www.coelhosandra.com\/index.php\/wp-json\/wp\/v2\/types\/page"}],"author":[{"embeddable":true,"href":"https:\/\/www.coelhosandra.com\/index.php\/wp-json\/wp\/v2\/users\/1"}],"replies":[{"embeddable":true,"href":"https:\/\/www.coelhosandra.com\/index.php\/wp-json\/wp\/v2\/comments?post=169"}],"version-history":[{"count":95,"href":"https:\/\/www.coelhosandra.com\/index.php\/wp-json\/wp\/v2\/pages\/169\/revisions"}],"predecessor-version":[{"id":3119,"href":"https:\/\/www.coelhosandra.com\/index.php\/wp-json\/wp\/v2\/pages\/169\/revisions\/3119"}],"wp:attachment":[{"href":"https:\/\/www.coelhosandra.com\/index.php\/wp-json\/wp\/v2\/media?parent=169"}],"curies":[{"name":"wp","href":"https:\/\/api.w.org\/{rel}","templated":true}]}}